{"id":12,"date":"2024-04-24T21:53:27","date_gmt":"2024-04-24T19:53:27","guid":{"rendered":"https:\/\/svenskafanzin.se\/gregor\/?page_id=12"},"modified":"2024-09-23T12:50:10","modified_gmt":"2024-09-23T10:50:10","slug":"presentation","status":"publish","type":"page","link":"https:\/\/svenskafanzin.se\/gregor\/presentation\/","title":{"rendered":"Presentation"},"content":{"rendered":"\n<p>Mitt namn \u00e4r Grzegorz Flakierski, jag kallas allm\u00e4nt f\u00f6r Gregor. Jag \u00e4r f\u00f6rfattare, skriver sk\u00f6nlitteratur, romaner och noveller.<\/p>\n\n\n\n<figure class=\"wp-block-image size-large\"><img loading=\"lazy\" decoding=\"async\" width=\"1024\" height=\"671\" src=\"https:\/\/svenskafanzin.se\/gregor\/wp-content\/uploads\/2024\/04\/gregor1NY-1024x671.jpg\" alt=\"\" class=\"wp-image-26\" srcset=\"https:\/\/svenskafanzin.se\/gregor\/wp-content\/uploads\/2024\/04\/gregor1NY-1024x671.jpg 1024w, https:\/\/svenskafanzin.se\/gregor\/wp-content\/uploads\/2024\/04\/gregor1NY-300x197.jpg 300w, https:\/\/svenskafanzin.se\/gregor\/wp-content\/uploads\/2024\/04\/gregor1NY-768x504.jpg 768w, https:\/\/svenskafanzin.se\/gregor\/wp-content\/uploads\/2024\/04\/gregor1NY-1536x1007.jpg 1536w, https:\/\/svenskafanzin.se\/gregor\/wp-content\/uploads\/2024\/04\/gregor1NY-2048x1343.jpg 2048w\" sizes=\"auto, (max-width: 1024px) 100vw, 1024px\" \/><\/figure>\n\n\n\n<p>Jag debuterade 2010 med romanen \u201dStatskuppen i Norrland\u201d, och har sedan dess publicerat ytterligare sju b\u00f6cker, fyra romaner, \u201dKnockout\u201d, \u201dN\u00e4r kriget inte kom\u201d, \u201dEtt spel st\u00f6rre \u00e4n livet\u201d, och nu senast &#8221;Morden i Muran\u00f3w&#8221;, och tre novellsamlingar, \u201dFamiljealbum\u201d, \u201dFamiljebilder\u201d och &#8221;Familjeminnen&#8221;.<\/p>\n\n\n\n<p>Jag har ocks\u00e5 bidragit med novellen \u201dMot Lunde\u201d i antologin \u201dBer\u00e4ttelser fr\u00e5n \u00c5dalen\u201d. Den novellen har dramatiserats av mig som teaterpj\u00e4s, och spelats p\u00e5 Svan\u00f6. <\/p>\n\n\n\n<p>F\u00f6rra \u00e5ret, 2023, spelades pj\u00e4sen &#8221;Bef\u00e4lhavarn p\u00e5 bogserb\u00e5ten p\u00e5 \u00c5ngerman\u00e4lven&#8221;, som jag \u00e4r medf\u00f6rfattare till (tillsammans med Peder Forsberg), f\u00f6r uts\u00e5lda hus p\u00e5 kajen i Marieberg utanf\u00f6r Kramfors.<\/p>\n\n\n\n<p>Jag \u00e4r f\u00f6dd i Warszawa i Polen, f\u00f6r m\u00e5nga \u00e5r sedan, jag har bott i Sverige sedan 1969, och sedan 1997 bor jag i Fr\u00e5n\u00f6 utanf\u00f6r Kramfors.<\/p>\n\n\n\n<p>Jag skriver d\u00e4rf\u00f6r att jag har ett starkt uttrycksbehov, och jag tror \u2013 och hoppas \u2013 att jag har n\u00e5got att f\u00f6rmedla som kan intressera och vara av betydelse f\u00f6r andra.<\/p>\n\n\n\n<p>Mycket av stoffet h\u00e4mtar jag fr\u00e5n min egen familjs dramatiska, och alltf\u00f6r ofta tragiska, historia, och de ber\u00e4ttelser jag har h\u00f6rt som barn och som ung.<\/p>\n\n\n\n<p>Bakgrunden \u00e4r den senaste dryga 100 \u00e5rens historia i \u00d6st- och Centraleuropa, framf\u00f6r allt Polen. De centrala teman som jag f\u00f6rs\u00f6ker skildra \u00e4r fr\u00e5gor kring identitet, skuld och ansvar.<\/p>\n\n\n\n<p>Jag blandar g\u00e4rna fakta och fiktion, och tror inte det finns n\u00e5gon skarp gr\u00e4ns mellan dem. En ber\u00e4ttelse ska vara bra, i meningen intressant, och s\u00e5 ska den f\u00f6rst\u00e5s vara trov\u00e4rdig i sin egen r\u00e4tt.<\/p>\n\n\n\n<p>Jag \u00e4r lite gammaldags i min inst\u00e4llning till litteratur, jag f\u00f6redrar helt och h\u00e5llet pappersboken, men har absolut ingenting emot andra former, som e-b\u00f6cker eller ljudb\u00f6cker. <\/p>\n","protected":false},"excerpt":{"rendered":"<p>Mitt namn \u00e4r Grzegorz Flakierski, jag kallas allm\u00e4nt f\u00f6r Gregor. Jag \u00e4r f\u00f6rfattare, skriver sk\u00f6nlitteratur, romaner och noveller. Jag debuterade 2010 med romanen \u201dStatskuppen i Norrland\u201d, och har sedan dess publicerat ytterligare sju b\u00f6cker, fyra romaner, \u201dKnockout\u201d, \u201dN\u00e4r kriget inte kom\u201d, \u201dEtt spel st\u00f6rre \u00e4n livet\u201d, och nu senast &#8221;Morden i Muran\u00f3w&#8221;, och tre novellsamlingar, [&hellip;]<\/p>\n","protected":false},"author":1,"featured_media":0,"parent":0,"menu_order":0,"comment_status":"closed","ping_status":"closed","template":"","meta":{"footnotes":""},"class_list":["post-12","page","type-page","status-publish","hentry"],"_links":{"self":[{"href":"https:\/\/svenskafanzin.se\/gregor\/wp-json\/wp\/v2\/pages\/12","targetHints":{"allow":["GET"]}}],"collection":[{"href":"https:\/\/svenskafanzin.se\/gregor\/wp-json\/wp\/v2\/pages"}],"about":[{"href":"https:\/\/svenskafanzin.se\/gregor\/wp-json\/wp\/v2\/types\/page"}],"author":[{"embeddable":true,"href":"https:\/\/svenskafanzin.se\/gregor\/wp-json\/wp\/v2\/users\/1"}],"replies":[{"embeddable":true,"href":"https:\/\/svenskafanzin.se\/gregor\/wp-json\/wp\/v2\/comments?post=12"}],"version-history":[{"count":6,"href":"https:\/\/svenskafanzin.se\/gregor\/wp-json\/wp\/v2\/pages\/12\/revisions"}],"predecessor-version":[{"id":142,"href":"https:\/\/svenskafanzin.se\/gregor\/wp-json\/wp\/v2\/pages\/12\/revisions\/142"}],"wp:attachment":[{"href":"https:\/\/svenskafanzin.se\/gregor\/wp-json\/wp\/v2\/media?parent=12"}],"curies":[{"name":"wp","href":"https:\/\/api.w.org\/{rel}","templated":true}]}}